 57 = -97*s. Let i(j) = j**3 + 20*j**2 + 20*j + 23. Let l be i(s). Calculate the highest common factor of 28 and l.
4
Let y be (-51*2)/((522/60)/(-29)). Suppose -3*i = 5*o - y, 4*o = -2*i - 0*o + 230. What is the highest common divisor of i and 147?
21
Suppose -17*a = 10*a + 204 - 3768. What is the greatest common factor of 192 and a?
12
Let f be (-6)/(-9) + 0 - 548/(-6). Suppose 0 = -82*y + f*y - 750. Calculate the greatest common factor of 100 and y.
25
Let k(j) = -j**2 + 960*j + 3120. Let z be k(0). Calculate the greatest common factor of 140 and z.
20
Let y(i) = -i**3 + 12*i**2 + 11*i + 16. Suppose 2*c = -10*c + 96. Let u be y(c). Calculate the greatest common factor of 45 and u.
45
Let y(t) = 49*t**2 + 529*t - 22. Let c be y(-11). Calculate the greatest common factor of 1804 and c.
44
Let y = -1143 + 1960. Let m = -97 - -140. Calculate the highest common divisor of y and m.
43
Suppose -1061 + 340 = -7*f. Suppose -2*x = 5*w + 2*x - 137, -4*w = x - f. Calculate the highest common factor of w and 10.
5
Let y(p) = p + 16. Let l(x) = 11 + x**2 + x - 10 + 13. Let r be l(0). Let u be y(r). Calculate the highest common divisor of u and 120.
30
Let f = 13751 + -13623. Calculate the greatest common factor of f and 16768.
128
Let x = -357 - -295. Let q = 106 - x. Calculate the greatest common factor of q and 42.
42
Suppose 243*l - 586*l + 1180 = -19400. Calculate the greatest common factor of l and 1095.
15
Suppose -4*m = -3*z - 107, -m + z + 13 = 3*z. Let d(c) = 5*c - 18. Let a be d(4). Let y be a/(-1) - 0 - -163. Calculate the greatest common divisor of m and y.
23
Let r be 2*14*(-4)/(-8). Suppose 3*k - c - 568 = 0, 91 = k + 3*c - 95. What is the greatest common divisor of r and k?
7
Let z = -315 + 317. Suppose z*l - 182 = 350. Calculate the greatest common factor of 190 and l.
38
Let y be 101 + -12 + (-6 - 0). Suppose -1372 - 2446 = -y*n. Let t = 17 + 6. Calculate the highest common factor of t and n.
23
Let v = 17 - -22. Suppose -9*a - 59 = 31. Let h be (26/5)/((-22)/a - 2). Calculate the highest common factor of v and h.
13
Suppose -j - 337 = -3*n, 5*j - 355 = -5*n + 180. What is the highest common divisor of n and 703?
37
Suppose 102*g = 795*g - 29106. Let x be ((-35)/10)/(2/(-132)). Calculate the highest common divisor of g and x.
21
Let r be -7 + (4*(-2)/4)/(-2). Let b be r/4 - 189/(-18). Suppose 196 + 236 = b*g. What is the highest common divisor of 16 and g?
16
Let a(t) = -104*t**2 + 6555*t - 184. Let l be a(63). Let b = 2 + 0. Suppose b*w + 70 = 4*w. What is the highest common divisor of w and l?
5
Suppose 2*f = -3*l - 88, l - 8 = -3*l. Let q(s) = -2*s - 59. Let i be q(0). Let v = f - i. What is the highest common factor of v and 36?
12
Suppose 1848 = 42*t - 10752. What is the highest common factor of t and 855?
15
Let l be ((-16)/(-5))/(((-186)/(-6727))/(15/7)). Calculate the greatest common divisor of l and 2325.
31
Let m be 649845/259 - 20/370. Calculate the highest common factor of m and 193.
193
Suppose 10*i + 62*i - 681156 = -12*i. Calculate the greatest common divisor of i and 51.
51
Let i be 6*-2*1344/(-128). Calculate the highest common factor of i and 18.
18
Suppose -4*t + 11*v - 13*v + 3890 = 0, -3*t - 3*v = -2916. Let f = t - 398. Calculate the greatest common divisor of 23 and f.
23
Let g be (-7 + 1)*(-1127)/98. Calculate the highest common factor of g and 506.
23
Let z = 3 + 15. Let y be (38/z + 0)*96*3. Suppose 6*b = 2*b + y. What is the greatest common factor of 19 and b?
19
Let z(f) = -f**3 - f**2 - 4. Suppose -13*n + 5*n = 0. Let j be z(n). Let c be (46/(-8) - -1)*j. What is the greatest common factor of 171 and c?
19
Let g(w) = -157*w + 4640. Let y be g(26). Calculate the greatest common divisor of y and 2139.
93
Suppose -6*w = -2*w - 256. Let c = w + -24. Let v(x) = -3*x**3 + 31*x**2 - 10*x + 16. Let g be v(10). Calculate the highest common divisor of g and c.
8
Suppose 4*t = -4*h + 23 + 1, 0 = 4*t - 3*h - 31. Suppose -1716 = -20*l + t*l. Suppose 10*y - l = -y. What is the greatest common divisor of 156 and y?
12
Suppose 4*s = x - 2179 - 847, -4*x + 2*s = -12188. What is the greatest common factor of x and 50?
50
Let o be (-65382)/(-36) - (-18)/(-108). Calculate the greatest common factor of 72 and o.
8
Suppose -5*s + 12696 = -5*x - 3709, -2*x = 3*s - 9803. What is the highest common factor of 3 and s?
3
Suppose 1632 = -6*m + 40*m. Suppose 3*g + 3*z - 165 = 0, m = -3*g - 5*z + 203. What is the highest common factor of g and 24?
12
Let x = 45 + -23. Let m(s) = -s**2 + 2*s + 26. Let v be m(6). Let r be 2/2 + v*5/10. What is the highest common factor of x and r?
2
Suppose 0 = -4*x - 5*w + 19777 + 2693, x - 5628 = -3*w. Calculate the greatest common divisor of x and 816.
102
Let n be (-9300)/((-135)/9) - (4 - -1). Calculate the greatest common divisor of n and 240.
15
Let f be 78 - (4 + -2)/1. Suppose 5*d - 5*v - f = 2*d, -4*d - 2*v = -58. Let n = -957 - -1059. Calculate the highest common factor of d and n.
17
Let x be 4*(-24)/32*(-4)/(-6). Let p(v) = -v**3 + 2*v**2 + 4*v - 4. Let f be p(x). What is the highest common factor of f and 14?
2
Let x(u) = -u + 20. Let o be x(8). Let j = 20 - o. What is the greatest common divisor of j and 136?
8
Suppose 0 = 44*z - 17889 - 16467 + 13456. Calculate the highest common divisor of 171 and z.
19
Let v be 396/27 - -1 - (-1)/3. Calculate the greatest common divisor of v and 4688.
16
Let o(a) = a**3 + 4*a**2 - 9*a + 16. Let t be o(7). Let q(k) = -k**2 - 105*k + 707. Let h be q(6). Calculate the highest common divisor of t and h.
41
Suppose -p - 4*c = -31 + 1, 2*p - 72 = -5*c. Suppose -746 = -2*q + p. What is the highest common divisor of q and 44?
44
Suppose 0 = -826*y + 839*y - 273. What is the greatest common divisor of y and 33?
3
Suppose 48 = -g + 5*g. Suppose -21*w = -495 - 513. What is the greatest common factor of w and g?
12
Let m be 64/(-2)*8 - 0. Let j = 608 + m. Suppose 17*g - 183 = 361. What is the highest common divisor of j and g?
32
Let r be 43 + -160 + 61 - -1396. Let g = 33 - 13. Calculate the highest common factor of g and r.
20
Suppose 2*x + 1270 = 5*x + 5*g, 2*x = -3*g + 845. Calculate the greatest common divisor of x and 50.
5
Let o = 196 - 98. Let b = 108 - o. Suppose -b = -5*f, 5*f + 5 = 4*y + 7. What is the greatest common divisor of 7 and y?
1
Let p be (-8)/(-1) - 6/15*10. Suppose 0 = -p*y + 13 + 3. Suppose y*r = -5*i + 131, -5*r - 4*i = -3*r - 70. What is the highest common factor of r and 232?
29
Let a be 0 + 4/((-12)/(-1113)). Let k = -182 + a. Let c be (106/(-53))/(-3*10/315). Calculate the highest common factor of k and c.
21
Let w(p) = -2*p**2 + 58*p - 73. Let c be -21*(150/(-35) + 3). Let o be w(c). What is the highest common factor of 490 and o?
35
Let i(m) = -11*m + 57. Let n be i(29). Let x = -234 - n. Suppose -5*v + 1637 - 657 = 0. Calculate the highest common factor of x and v.
28
Suppose -4*d + 848 = -8*y, 5*d + 207 - 1260 = 3*y. What is the highest common factor of d and 3500?
70
Let q(t) = -t**3 + 29*t**2 - 113*t + 23. Let m be q(20). Calculate the greatest common factor of m and 94.
47
Let o = -27943 + 27951. What is the greatest common divisor of o and 49208?
8
Suppose -5*c = -2*s - 6 + 2, 2*c - 19 = -5*s. Suppose -3*b + 2*n + 656 = 0, -3*b + s*n + 652 = -n. Calculate the greatest common divisor of b and 44.
44
Let u be (-4)/6*12/(-8). Let m(z) = z**3 - 14*z - 5. Let o be m(4). Let t be ((-8)/o)/((-28)/42). Calculate the greatest common factor of u and t.
1
Let q(t) = -t**2 + 16*t - 46. Let a be q(13). Let g be 2/(6556/1089 + 1 + a). Calculate the highest common divisor of 264 and g.
33
Suppose 209 = -5*w + 3809. Let g be (48/(-30))/(3*(-4)/w). What is the greatest common factor of 64 and g?
32
Suppose -29 + 93 = 4*g. Suppose 0 = j + 11*j - 48. What is the highest common divisor of g and j?
4
Suppose y + y - 5*u = 14, 2 = u. Let g(v) = v**3 - 5*v**2 - v + 1. Let n be g(6). Suppose -36*t + n*t = -120. What is the highest common factor of t and y?
12
Suppose 2*s = -4*q + 1556, -5*s = -3*q + 1021 + 133. Let x be (-12)/9*3*q/16. Let r = 142 + x. What is the greatest common factor of r and 30?
15
Let u be 107 + (-176)/16 + (4 - 0). Let f = 12 - 8. Suppose 0 = n + f*n - 250. What is the highest common divisor of u and n?
50
Let g be 6/(-12)*(-24